of 6 and w?
2
Suppose -g - 4*f + 81 = 0, -112*g - 3*f = -117*g + 359. Calculate the highest common factor of 511 and g.
73
Let w(m) = 8*m**2 + 9*m + 11. Let o be w(-2). Calculate the highest common factor of o and 50.
25
Let h be 4/16*241 - 1/4. Calculate the greatest common divisor of h and 600.
60
Let p = 44 - -51. What is the greatest common divisor of p and 38?
19
Let g = 33 - 24. Suppose 0 = -4*s - 12, -4*s + 56 = g*p - 7*p. What is the highest common factor of p and 2?
2
Let k be -41*1*(-3 - -4). Let q = k + 59. Calculate the highest common factor of q and 27.
9
Let y be (116/(-8))/(-2 + (-3)/(-2)). Suppose y - 45 = -2*h. Calculate the highest common divisor of 8 and h.
8
Suppose -52 = -d + y, -3*y - 6 = -d + 38. What is the highest common factor of 42 and d?
14
Suppose 3*o - 2*j = 575, 5*j + 755 = -2*o + 6*o. Calculate the greatest common factor of 75 and o.
15
Let y be (13 - (-427)/(-21))/((-3)/45). Let w(h) = 3*h - 2. Let c be w(3). Suppose 5*d - 43 - c = 0. What is the greatest common factor of y and d?
10
Let d be 0 + 32 + 0*(-2)/(-12). Calculate the highest common divisor of d and 10.
2
Let r = -174 + 222. Calculate the greatest common factor of 6 and r.
6
Let j = -290 + 444. Let q be 490/j - ((-20)/11 - -2). Calculate the highest common factor of 7 and q.
1
Let z(u) = 78*u**2 - 8*u + 5. Let h be z(1). Calculate the highest common divisor of h and 125.
25
Suppose 8 = 2*l - 2*f, 6 = 3*l - 0*l + 3*f. Suppose l*j = j + 4. Suppose -3*z = j*z - 60. What is the greatest common factor of z and 30?
6
Let d(r) = 19*r - 283. Let l be d(25). Calculate the greatest common divisor of 672 and l.
96
Let s(b) = 5*b + 3. Let m be s(6). Let p be 2/((-6)/(-21))*3. Let a be 306/14 - (-3)/p. What is the greatest common divisor of a and m?
11
Let r = -27 + 82. Suppose -r = -5*j - 0*j. Let f be 1/2 + (-2)/(-4). What is the highest common factor of j and f?
1
Let y = 1 - 1. Suppose -5*b - 10 = 3*s, y = s - 5*b - 28 - 2. Suppose -2*c + 27 = -5*a, s*c - 10 - 11 = -3*a. Calculate the greatest common factor of c and 42.
6
Let n = 1765 - 1270. What is the greatest common divisor of 55 and n?
55
Let t(z) = 48*z - 216. Let u be t(6). Calculate the greatest common divisor of u and 312.
24
Let s = 352 - 348. Calculate the greatest common factor of s and 34.
2
Let c(i) = i**2 + 36. Suppose -15*k = -12*k. Let n be c(k). Calculate the highest common factor of 144 and n.
36
Suppose -11 = 4*y - 15. Let q be (1 - -7) + (-1 + 1)*y. What is the highest common divisor of q and 24?
8
Suppose -6 = -f - 2*f. Suppose -5*h + 85 = 5*x, -f - 1 = x. Suppose 6*q + l = 3*q + 60, l + 60 = 3*q. What is the highest common factor of q and h?
20
Let o = -12 - -3. Let x = 13 + o. Suppose 3 = g + 4*j, 13 = 3*g + 2*j + x. What is the highest common divisor of 12 and g?
3
Suppose h + 23 = 4*a, 2*a - 5*h - 40 = -3*a. Let p = 10 + 29. Suppose a*i - p = 31. Calculate the highest common divisor of i and 28.
14
Let b be (18/12)/((-2)/(-12)). Suppose -4*n - 1 + b = 0. Suppose d - 5*x - 26 = 0, 5*d - x + n = 12. Calculate the highest common factor of 1 and d.
1
Let u(j) = -j**3 - 15*j**2 + 3. Let d be u(-15). Suppose 16 = 3*o + o, 2*g - 54 = d*o. What is the highest common divisor of 3 and g?
3
Let p = -590 - -253. Let r be 1 - 6 - (2 + p). Calculate the greatest common divisor of 30 and r.
30
Let f(k) = -k**2 + k + 15. Let a be f(0). Let b be 160022/1335 - (-4)/30. What is the highest common divisor of a and b?
15
Suppose -30 = -3*v - 5*c, -3*v + 5 = c - 37. Suppose -2*l = -7*l + v. Let r = -14 + 23. Calculate the greatest common factor of r and l.
3
Let p(o) = -o. Let b be p(1). Let u(d) = -d + 3. Let v be u(5). Let i be 9/((v - -1)/b). What is the highest common divisor of i and 99?
9
Let q(h) = 81*h**3 - h + 1. Let t be q(1). Let g(r) = -28*r + 25. Let y be g(-5). Let m = y - t. What is the highest common factor of m and 12?
12
Suppose -z - 272 = -3*u, -z = 3*u + 4*z - 260. What is the greatest common divisor of 342 and u?
18
Let d = 24 + 2. Let h = d - 24. Suppose -3*b - h*b + m = -41, -2*m - 26 = -3*b. Calculate the highest common factor of 72 and b.
8
Let k = -1125 - -1658. Calculate the greatest common divisor of 41 and k.
41
Let p(b) = b**3 - 6*b**2 - 12*b + 3. Let y be p(8). Suppose h - 8 = 2*m + 5*h, h = 5*m - y. Suppose -g + 15 = m. What is the highest common divisor of g and 3?
3
Suppose 0 = -5*s - 272 + 497. Calculate the greatest common factor of 135 and s.
45
Let c(t) = -66*t + 6. Let o be c(-5). Let u = -147 + o. Let h = -141 + 162. What is the greatest common factor of h and u?
21
Suppose -5 = -z, -5*y + 6*z = z - 325. Calculate the greatest common factor of 168 and y.
14
Let v(n) = -84*n - 63. Let q be v(-9). Calculate the greatest common factor of q and 27.
9
Let t be ((-732)/(-20) - -3)/(2/45). Calculate the greatest common divisor of 324 and t.
81
Suppose 3*v = 4*v + 2*p, v - 3*p - 25 = 0. What is the greatest common factor of 70 and v?
10
Suppose -5*k - 24 = -2*k. Let n = 8 + k. Let j be (4 - n)*(0 + 3). What is the highest common divisor of j and 6?
6
Let c = -10 + 15. Suppose 0 = 5*u - 6*u + c. Let v be (6/u)/((-12)/(-40)). What is the highest common divisor of 44 and v?
4
Let a = 16 + -10. Let h(q) be the first derivative of -q**3/3 + 3*q**2/2 + 2*q - 7. Let p be h(3). Calculate the highest common factor of a and p.
2
Suppose 2*y - 13 = v, -y + 4*v = 4 - 0. What is the greatest common factor of y and 256?
8
Let u(p) = 13*p - 6. Let q(s) = s**2 + 11*s + 12. Let z be q(-10). Let n be u(z). What is the highest common factor of n and 8?
4
Suppose -6 = -j - 2, 2*p + 2*j = 92. Suppose -8*v = -p - 14. What is the highest common divisor of v and 49?
7
Suppose -19*b = -7*b - 396. Let i(d) = -d**2 - d + 186. Let l be i(0). Let h = 483 - l. What is the highest common factor of h and b?
33
Suppose -w - 4*o = -0*w - 49, -2*o + 173 = 5*w. Let f = -367 + 370. What is the greatest common divisor of w and f?
3
Suppose -5*i + 429 = r + 54, 5*i = 5*r + 375. Let d be (60/26)/(9/117). Calculate the highest common divisor of i and d.
15
Let o = 497 - 761. Let h = 594 + o. Calculate the highest common factor of 30 and h.
30
Let j be (-11)/(-13) - (-2)/13 - -9. What is the highest common factor of j and 130?
10
Let s = 576 + -446. What is the highest common factor of s and 208?
26
Let k(r) = r**2 - r + 44. Let s be k(0). Suppose 3*h - s = 61. Suppose 4*l = -2*b + 50, -2*l = 3*b - 6*b + h. What is the highest common factor of 60 and b?
15
Let c(y) = y**2 - 7*y - 21. Let q = -47 - -43. Let h be c(q). What is the highest common factor of 92 and h?
23
Suppose -1 = -2*f + 5*p, -3*f + 4*p - 2 = -7. Suppose -2*j = -5*h - 0*h - 232, -f*h = 2*j - 264. What is the highest common divisor of j and 14?
14
Let n(t) = -t**2 + 13*t + 6. Let k be n(7). Let r(o) = o + 12. Suppose w + 119 = 123. Let y be r(w). Calculate the highest common divisor of k and y.
16
Suppose -5*z - 37 + 87 = 0. Suppose -4*i = i - z. Let u(a) = a**3 + 87*a**2 - 91*a - 258. Let g be u(-88). What is the greatest common divisor of g and i?
2
Suppose 0 = y - 3*q + 5 - 6, 0 = y - q - 9. What is the highest common factor of 923 and y?
13
Let j(f) = -f**2 - 8*f - 9. Let s be j(-5). Let n(y) = 8 + 6*y - 21 + s + 10 + 20*y**2. Let i be n(-3). Calculate the highest common divisor of i and 66.
33
Let v(n) = -n**2 + 6*n + 3. Suppose p - 3*p = -20. Let r be p/(-4)*(-23 - -21). Let t be v(r). Calculate the greatest common factor of t and 56.
8
Let y(q) = -2 - 22 + 3 - 17*q + 8. Let g be y(-14). Calculate the highest common divisor of 25 and g.
25
Let u be (-1328)/(-432) - 4/54. Calculate the highest common divisor of u and 147.
3
Suppose -5*j + 17 = 2*p, -2*p - 4*j + 30 = 14. Suppose -5*c - 163 + 403 = 0. Calculate the highest common divisor of p and c.
6
Let t be (-1 + (-21 - -1))*-1. Suppose -2*y - y - 2*g = 1, 0 = -4*y + g - 16. Let k be y/2*-6 - 2/1. What is the highest common divisor of t and k?
7
Let d be 14/(252/(-45))*-4. What is the highest common divisor of 190 and d?
10
Let g = 17 + -14. Let h(b) = b**3 - 3*b**2 + b - 1. Let q be h(g). Suppose 2*w = 0, q*o - 2*w - 31 = o. Calculate the greatest common divisor of o and 217.
31
Let r = 1185 + -1171. What is the greatest common divisor of r and 938?
14
Let o(k) = -36*k + 3. Suppose 5*n - 1